{"id":446,"date":"2021-12-07T06:19:19","date_gmt":"2021-12-07T05:19:19","guid":{"rendered":"https:\/\/www.eeelmas.com\/?page_id=446"},"modified":"2023-04-12T07:46:22","modified_gmt":"2023-04-12T05:46:22","slug":"hos-geldin-2","status":"publish","type":"page","link":"https:\/\/www.eeelmas.com\/","title":{"rendered":"Ho\u015f geldin&#8230;"},"content":{"rendered":"\n<div style=\"height:68px\" aria-hidden=\"true\" class=\"wp-block-spacer\"><\/div>\n\n\n<div class=\"wp-block-image is-style-rounded\">\n<figure class=\"aligncenter size-full is-resized\"><img decoding=\"async\" src=\"https:\/\/www.eeelmas.com\/wp-content\/uploads\/2021\/12\/Meerjungfrau-verkleinert-2.jpg\" alt=\"\" class=\"wp-image-441\" width=\"1500\" srcset=\"https:\/\/www.eeelmas.com\/wp-content\/uploads\/2021\/12\/Meerjungfrau-verkleinert-2.jpg 640w, https:\/\/www.eeelmas.com\/wp-content\/uploads\/2021\/12\/Meerjungfrau-verkleinert-2-600x404.jpg 600w\" sizes=\"(max-width: 640px) 100vw, 640px\" \/><\/figure>\n<\/div>\n\n\n<div style=\"height:109px\" aria-hidden=\"true\" class=\"wp-block-spacer\"><\/div>\n\n\n<p style=\"text-align: center;\"><span style=\"font-size: 18pt; color: #800dd9; --darkreader-inline-color: #a8ffff; font-family: tahoma, arial, helvetica, sans-serif;\" data-darkreader-inline-color=\"\">Ho\u015f geldin g\u00f6n\u00fcl alemime<\/span><\/p>\n<p style=\"text-align: center;\"><span style=\"font-size: 14pt; color: #800dd9; --darkreader-inline-color: #a8ffff; font-family: tahoma, arial, helvetica, sans-serif;\" data-darkreader-inline-color=\"\">\u0130nsano\u011flu i\u00e7inde e\u015fsiz \u00e7e\u015fitlilikle yarat\u0131lm\u0131\u015f bir koca d\u00fcnya ya da alem. Hamd ancak onu e\u015fsiz yaratan Allah&#8217;a. <\/span><\/p>\n<p><\/p>\n<p style=\"text-align: center;\"><span style=\"font-size: 14pt; color: #800dd9; --darkreader-inline-color: #a8ffff; font-family: tahoma, arial, helvetica, sans-serif;\" data-darkreader-inline-color=\"\">De\u011fil mi ki Tanr\u0131 o \u00e7ok de\u011fer verdi\u011fi insan\u0131n hayat\u0131yla alakal\u0131 baz\u0131 se\u00e7imleri kulunun inisiyatifine adad\u0131. Ama insano\u011flu onu yaratan\u0131 unutarak, \u015feytana tapt\u0131, tam da Y\u00fcce Kudret Allah&#8217;\u0131n g\u00fcnah olarak belirledi\u011fi \u015feylere. \u0130\u015fin en ac\u0131mas\u0131z taraf\u0131 ise, insan denen yarat\u0131k i\u015fledi\u011fi\/i\u015fleyece\u011fi g\u00fcnahlar\u0131 alangirli bir paketlemeyle sard\u0131 sarmalad\u0131. <\/span><\/p>\n<p style=\"text-align: center;\"><span style=\"font-size: 14pt; color: #800dd9; --darkreader-inline-color: #a8ffff; font-family: tahoma, arial, helvetica, sans-serif;\" data-darkreader-inline-color=\"\">O irinlerle dolu d\u0131\u015f kal\u0131plar\u0131n &#8211; hemde d\u00fcnyaca! &#8211; i\u015fte kimisi:<br><\/span><\/p>\n<ol>\n<li style=\"text-align: center;\"><span style=\"font-size: 14pt; font-family: tahoma, arial, helvetica, sans-serif; color: #800dd9;\" data-darkreader-inline-color=\"\">d\u00fcnya \u00e7ap\u0131nda \u015fu anda kendini binlerce y\u0131llard\u0131r s\u00fcregelen her t\u00fcr ad\u0131 alt\u0131nda k\u00fclt\u00fcr yap\u0131s\u0131, <\/span><\/li>\n<li style=\"text-align: center;\"><span style=\"font-size: 14pt; font-family: tahoma, arial, helvetica, sans-serif; color: #800dd9;\" data-darkreader-inline-color=\"\">ahlak ad\u0131 alt\u0131nda i\u015flenen en dev ahlaks\u0131zl\u0131klar, <\/span><\/li>\n<li style=\"text-align: center;\"><span style=\"font-size: 14pt; font-family: tahoma, arial, helvetica, sans-serif; color: #800dd9;\" data-darkreader-inline-color=\"\">terbiye ad\u0131 alt\u0131nda i\u015flenen sonsuz terbiyesizlik ve edepsizlikler, <\/span><\/li>\n<li style=\"text-align: center;\"><span style=\"color: #800dd9;\"><span style=\"font-size: 14pt; font-family: tahoma, arial, helvetica, sans-serif;\" data-darkreader-inline-color=\"\">her t\u00fcr insan ruhuna ayk\u0131r\u0131 olan e\u011fitim sistemleri<\/span><span style=\"font-size: 14pt; font-family: tahoma, arial, helvetica, sans-serif;\" data-darkreader-inline-color=\"\">, <\/span><\/span><\/li>\n<li style=\"text-align: center;\"><span style=\"font-size: 14pt; font-family: tahoma, arial, helvetica, sans-serif; color: #800dd9;\" data-darkreader-inline-color=\"\">sayg\u0131 ad\u0131 alt\u0131nda i\u015flenen en b\u00fcy\u00fck sayg\u0131z\u0131l\u0131klar, <\/span><\/li>\n<li style=\"text-align: center;\"><span style=\"font-size: 14pt; font-family: tahoma, arial, helvetica, sans-serif; color: #800dd9;\" data-darkreader-inline-color=\"\">Allah&#8217;\u0131n yaratm\u0131\u015f oldu\u011fu dinlerin yan\u0131 s\u0131ra sahte insan eli dinler ekleyerek, Allah&#8217;a kar\u015f\u0131 gizli kapakl\u0131 \u015fekilde \u015firk ko\u015fmak,<br><\/span><\/li>\n<li style=\"text-align: center;\"><span style=\"font-size: 14pt; font-family: tahoma, arial, helvetica, sans-serif; color: #800dd9;\" data-darkreader-inline-color=\"\">kendi \u00fcretti\u011fi dinler ad\u0131 alt\u0131nda sonsuz dev insan haklar\u0131 ihlalleri ve sonsuz s\u00f6m\u00fcrge \u00e7e\u015fitleri, <\/span><\/li>\n<li style=\"text-align: center;\"><span style=\"font-size: 14pt; font-family: tahoma, arial, helvetica, sans-serif; color: #800dd9;\" data-darkreader-inline-color=\"\">k\u00f6t\u00fcy\u00fc s\u00fcsleyip p\u00fcsleyip iyiymi\u015f gibi g\u00f6steren zihinsiz zihniyet, <\/span><\/li>\n<li style=\"text-align: center;\"><span style=\"font-size: 14pt; font-family: tahoma, arial, helvetica, sans-serif; color: #800dd9;\" data-darkreader-inline-color=\"\">vs. vs&#8230;<\/span><\/li>\n<\/ol>\n<p style=\"text-align: center;\"><span style=\"font-family: tahoma, arial, helvetica, sans-serif; color: #7c0fdb; font-size: 14pt;\">Bu sitede g\u00fcd\u00fclen temel ama\u00e7 ise tamda o sayd\u0131\u011f\u0131m yalan dolan\u0131 ayyuka \u00e7\u0131kartmaya \u00e7al\u0131\u015fmakt\u0131r. \u00c7\u00fcnk\u00fc, karanl\u0131\u011f\u0131\/karanl\u0131ktaki d\u00fc\u015fman g\u00f6lgeleri bast\u0131rmak istiyorsan e\u011fer, her\u015feye ra\u011fmen, yap\u0131lm\u0131\u015f olan k\u00f6t\u00fcl\u00fckleri dillendirmelisin, hemde korkular\u0131na ra\u011fmen!<\/span><\/p>\n<p style=\"text-align: center;\"><span style=\"font-size: 14pt; font-family: tahoma, arial, helvetica, sans-serif; color: #7609d6;\">Damarlar\u0131mda ayn\u0131 kan\u0131 dahi ta\u015f\u0131m\u0131\u015f oldu\u011fum, i\u00e7ine do\u011fmu\u015f oldu\u011fum aileyi\/akrabay\u0131 ve herkesi i\u015fte bu y\u00fczden hayat\u0131mdan \u00e7\u0131karmay\u0131 Y\u00fcce Yaradan nasip etti: Ya onlar\u0131n istedi\u011fi gibi, \u015feytan\u0131n dostlar\u0131 olarak ya\u015fayacakt\u0131m ya da t\u00fcm insani ihtaya\u00e7lar\u0131ma (anababaya\/sosyal ortama\/bir toplulu\u011fa aidiyet temel ihtiya\u00e7lar\u0131ma) ra\u011fmen kendi i\u00e7imden gelen adalet anlay\u0131\u015f\u0131n\u0131 takip edecektim. Ne kadar da zor oldu benim i\u00e7in kadersel a\u00e7\u0131dan i\u00e7ine do\u011fmu\u015f oldu\u011fum sosyaliteden \u00e7ok \u00e7ok zoraki olarak vazge\u00e7i\u015fim. D\u00fc\u015f\u00fcnsene, i\u00e7inde bar\u0131nd\u0131\u011f\u0131n ev elinden gidiyor.. Ne var ki, onlar\u0131 terk edi\u015fimle Allah bana anlatt\u0131 ki <\/span><\/p>\n<p style=\"text-align: center;\"><span style=\"font-size: 14pt; font-family: tahoma, arial, helvetica, sans-serif; color: #7609d6;\">Ali \u0130mran Suresi Ayet 173<\/span><\/p>\n<p style=\"text-align: center;\"><span style=\"font-size: 18pt; font-family: tahoma, arial, helvetica, sans-serif; color: #7609d6;\">&#8218;Allah bize yeter!, o ne g\u00fczel vekildir!&#8216;<\/span><\/p>\n<p style=\"text-align: center;\"><span style=\"font-size: 14pt; font-family: tahoma, arial, helvetica, sans-serif; color: #6f0ec4;\">O zaman anlad\u0131m ki, benim anababa ad\u0131 alt\u0131nda ge\u00e7inen sahtekarlara ve etraf\u0131ndaki bulunan ve onlara habire \u015firin g\u00f6z\u00fckmek i\u00e7in dalkavuk\u00e7uluk eden zeka yoksunu yarat\u0131klara de\u011fil!, benim sadece ve ancak Y\u00fcce Yaradan\u0131ma ihtiyac\u0131m\u0131n oldu\u011funu! De\u011fil mi ki, Tanr\u0131&#8217;yd\u0131 o sahtekarlar\u0131 yaratan! Tanr\u0131&#8217;yd\u0131 onlar\u0131n da benim de ekme\u011fini veren! Ancak Tanr\u0131&#8217;yd\u0131 bu alemlerdeki her\u015feyin tek sahibi!, herhangi bir kimsenin kendisini herhangi birisi olarak saym\u0131\u015f olmas\u0131n\u0131n demek ki pekte \u00f6nemi yoktu! <\/span><\/p>\n<p><\/p>\n<p style=\"text-align: center;\"><span style=\"font-size: 14pt; font-family: tahoma, arial, helvetica, sans-serif; color: #6f0ec4;\">\u00d6nemli olan tek \u015fey \u015fu alemde, iyiyi k\u00f6t\u00fcden, g\u00fcnah\u0131 sevaptan ay\u0131rt edebilme \u0130Q veya ruhsal zeka ya da ak\u0131l sahibi olabilmedir.. Ve bana g\u00f6re de bar\u0131\u015flar yaratmay\u0131 ba\u015faran herkes Allah&#8217;\u0131n izniyle Rahmani yoldad\u0131r, k\u00f6t\u00fcl\u00fck nam\u0131na yolda olanlar da \u015feytani boyutun esirleridirler. <\/span><\/p>\n<p style=\"text-align: center;\"><span style=\"font-size: 14pt; font-family: tahoma, arial, helvetica, sans-serif; color: #6f0ec4;\">Bu konuda kendinle bar\u0131\u015f\u0131ksan, d\u00fcnyama ho\u015f geldin..<\/span><\/p>\n\n\n<div style=\"height:100px\" aria-hidden=\"true\" class=\"wp-block-spacer\"><\/div>\n\n\n<p class=\"fonts-plugin-block \" style=\"font-family: tahoma;font-size: 10px;text-align: right;color: #f78da7\">08.12.2021<\/p>","protected":false},"excerpt":{"rendered":"<p>Ho\u015f geldin g\u00f6n\u00fcl alemime \u0130nsano\u011flu i\u00e7inde e\u015fsiz \u00e7e\u015fitlilikle yarat\u0131lm\u0131\u015f bir koca d\u00fcnya ya da alem. Hamd ancak onu e\u015fsiz yaratan Allah&#8217;a. De\u011fil mi ki Tanr\u0131 &hellip;<\/p>\n","protected":false},"author":1,"featured_media":0,"parent":0,"menu_order":0,"comment_status":"closed","ping_status":"closed","template":"","meta":{"_uag_custom_page_level_css":"","footnotes":""},"class_list":["post-446","page","type-page","status-publish","hentry"],"uagb_featured_image_src":{"full":false,"thumbnail":false,"medium":false,"medium_large":false,"large":false,"1536x1536":false,"2048x2048":false,"post-thumbnail":false,"bravada-featured":false,"bravada-featured-lp":false,"bravada-featured-half":false,"bravada-featured-third":false,"bravada-lpbox-1":false,"bravada-lpbox-2":false,"woocommerce_thumbnail":false,"woocommerce_single":false,"woocommerce_gallery_thumbnail":false},"uagb_author_info":{"display_name":"elmas","author_link":"https:\/\/www.eeelmas.com\/index.php\/author\/elmas2\/"},"uagb_comment_info":0,"uagb_excerpt":"Ho\u015f geldin g\u00f6n\u00fcl alemime \u0130nsano\u011flu i\u00e7inde e\u015fsiz \u00e7e\u015fitlilikle yarat\u0131lm\u0131\u015f bir koca d\u00fcnya ya da alem. Hamd ancak onu e\u015fsiz yaratan Allah&#8217;a. De\u011fil mi ki Tanr\u0131 &hellip;","_links":{"self":[{"href":"https:\/\/www.eeelmas.com\/index.php\/wp-json\/wp\/v2\/pages\/446","targetHints":{"allow":["GET"]}}],"collection":[{"href":"https:\/\/www.eeelmas.com\/index.php\/wp-json\/wp\/v2\/pages"}],"about":[{"href":"https:\/\/www.eeelmas.com\/index.php\/wp-json\/wp\/v2\/types\/page"}],"author":[{"embeddable":true,"href":"https:\/\/www.eeelmas.com\/index.php\/wp-json\/wp\/v2\/users\/1"}],"replies":[{"embeddable":true,"href":"https:\/\/www.eeelmas.com\/index.php\/wp-json\/wp\/v2\/comments?post=446"}],"version-history":[{"count":53,"href":"https:\/\/www.eeelmas.com\/index.php\/wp-json\/wp\/v2\/pages\/446\/revisions"}],"predecessor-version":[{"id":4862,"href":"https:\/\/www.eeelmas.com\/index.php\/wp-json\/wp\/v2\/pages\/446\/revisions\/4862"}],"wp:attachment":[{"href":"https:\/\/www.eeelmas.com\/index.php\/wp-json\/wp\/v2\/media?parent=446"}],"curies":[{"name":"wp","href":"https:\/\/api.w.org\/{rel}","templated":true}]}}