{"id":4673,"date":"2022-10-23T05:58:20","date_gmt":"2022-10-23T03:58:20","guid":{"rendered":"https:\/\/www.eeelmas.com\/?post_type=product&#038;p=4673"},"modified":"2023-04-11T09:10:22","modified_gmt":"2023-04-11T07:10:22","slug":"yesil-cennet","status":"publish","type":"product","link":"https:\/\/www.eeelmas.com\/index.php\/produkt\/yesil-cennet\/","title":{"rendered":"Ye\u015fil Cennet"},"content":{"rendered":"<p><img loading=\"lazy\" decoding=\"async\" class=\"aligncenter wp-image-4674\" src=\"https:\/\/www.eeelmas.com\/wp-content\/uploads\/2022\/10\/28MCNJS-300x300.jpg\" alt=\"\" width=\"700\" height=\"1247\" srcset=\"https:\/\/www.eeelmas.com\/wp-content\/uploads\/2022\/10\/28MCNJS-168x300.jpg 168w, https:\/\/www.eeelmas.com\/wp-content\/uploads\/2022\/10\/28MCNJS.jpg 584w\" sizes=\"auto, (max-width: 700px) 100vw, 700px\" \/><\/p>\n","protected":false},"excerpt":{"rendered":"<p style=\"text-align: left;\" align=\"RIGHT\"><span style=\"color: #7f00ff; font-size: 14pt;\"><span style=\"font-family: Tahoma, serif;\"><span lang=\"en-US\">Esnek ve parlak bir ipin \u00fczerine dizilerek d\u00fc\u011f\u00fcmlenen Ametist ve Pembe Kuvars ta\u015flar\u0131ndan bir bileklik. Ayr\u0131ca da bilekli\u011fin bir taraf\u0131na s\u00fcs olarak verilen g\u00fcm\u00fc\u015f renginde dolgun g\u00fcller.<\/span><\/span><\/span><\/p>\n<p style=\"text-align: left;\" align=\"RIGHT\"><span style=\"color: #7f00ff; font-size: 14pt;\"><span style=\"font-family: Tahoma, serif;\">Ametist ve Pembe Kuvars\u0131n ebat\u0131 1 cm<\/span><\/span><\/p>\n<p style=\"text-align: left;\" align=\"RIGHT\"><span style=\"color: #7f00ff; font-size: 14pt;\"><span style=\"font-family: Tahoma, serif;\">G\u00fcm\u00fc\u015f renkli g\u00fcl\u00fcn ebat\u0131 1 cm<\/span><\/span><\/p>\n<p style=\"text-align: left;\" align=\"RIGHT\"><span style=\"color: #7f00ff; font-size: 14pt;\"><span style=\"font-family: Tahoma, serif;\">Bilekli\u011fin uzunlu\u011fu takriben 18 cm<\/span><\/span><\/p>\n<p style=\"text-align: left;\" align=\"RIGHT\"><span style=\"font-size: 14pt; color: #7f00ff; font-family: tahoma, arial, helvetica, sans-serif;\">Fiyat\u0131 ise 490 TL<br \/>\n<\/span><\/p>\n<p class=\"Normal tm5\"><span class=\"tm6\" style=\"font-size: 14pt; font-family: tahoma, arial, helvetica, sans-serif; color: #7f00ff;\">Ametist her t\u00fcrl\u00fc ba\u011f\u0131ml\u0131l\u0131\u011fa zamanla \u015fifa verir; kendinle bar\u0131\u015fmay\u0131 sa\u011flar; kederi ve gam\u0131 al\u0131r hayat sevinci ve ne\u015fe verir; kaybetme ac\u0131s\u0131n\u0131 al\u0131r; enerji, huzur ve canl\u0131l\u0131k verir; yabanc\u0131lara ait negatif enerjileri i\u00e7imizde d\u00f6n\u00fc\u015ft\u00fcr\u00fcr ve transforme eder, ayr\u0131ca da refah verir&#8230;Pembe Kuvars&#8217;a gelince, bu ta\u015f her t\u00fcr sevginin, romantizmin ve verimlili\u011fin ta\u015f\u0131d\u0131r. Ki\u015fiye bilin\u00e7, yumu\u015fakl\u0131k, yard\u0131mseverlik, hassasiyet ve empati verir.<\/span><\/p>\n","protected":false},"featured_media":4674,"comment_status":"open","ping_status":"closed","template":"","meta":{"_uag_custom_page_level_css":""},"product_brand":[],"product_cat":[36],"product_tag":[],"class_list":{"0":"post-4673","1":"product","2":"type-product","3":"status-publish","4":"has-post-thumbnail","6":"product_cat-unkategorisiert","8":"first","9":"instock","10":"taxable","11":"shipping-taxable","12":"purchasable","13":"product-type-simple"},"uagb_featured_image_src":{"full":["https:\/\/www.eeelmas.com\/wp-content\/uploads\/2022\/10\/28MCNJS.jpg",584,1040,false],"thumbnail":["https:\/\/www.eeelmas.com\/wp-content\/uploads\/2022\/10\/28MCNJS-150x150.jpg",150,150,true],"medium":["https:\/\/www.eeelmas.com\/wp-content\/uploads\/2022\/10\/28MCNJS-300x300.jpg",300,300,true],"medium_large":["https:\/\/www.eeelmas.com\/wp-content\/uploads\/2022\/10\/28MCNJS-584x768.jpg",584,768,true],"large":["https:\/\/www.eeelmas.com\/wp-content\/uploads\/2022\/10\/28MCNJS-584x1024.jpg",584,1024,true],"1536x1536":["https:\/\/www.eeelmas.com\/wp-content\/uploads\/2022\/10\/28MCNJS.jpg",584,1040,false],"2048x2048":["https:\/\/www.eeelmas.com\/wp-content\/uploads\/2022\/10\/28MCNJS.jpg",584,1040,false],"post-thumbnail":["https:\/\/www.eeelmas.com\/wp-content\/uploads\/2022\/10\/28MCNJS-168x300.jpg",168,300,true],"bravada-featured":["https:\/\/www.eeelmas.com\/wp-content\/uploads\/2022\/10\/28MCNJS-583x300.jpg",583,300,true],"bravada-featured-lp":["https:\/\/www.eeelmas.com\/wp-content\/uploads\/2022\/10\/28MCNJS-584x300.jpg",584,300,true],"bravada-featured-half":["https:\/\/www.eeelmas.com\/wp-content\/uploads\/2022\/10\/28MCNJS-584x300.jpg",584,300,true],"bravada-featured-third":["https:\/\/www.eeelmas.com\/wp-content\/uploads\/2022\/10\/28MCNJS-512x300.jpg",512,300,true],"bravada-lpbox-1":["https:\/\/www.eeelmas.com\/wp-content\/uploads\/2022\/10\/28MCNJS-584x300.jpg",584,300,true],"bravada-lpbox-2":["https:\/\/www.eeelmas.com\/wp-content\/uploads\/2022\/10\/28MCNJS-413x300.jpg",413,300,true],"woocommerce_thumbnail":["https:\/\/www.eeelmas.com\/wp-content\/uploads\/2022\/10\/28MCNJS-300x300.jpg",300,300,true],"woocommerce_single":["https:\/\/www.eeelmas.com\/wp-content\/uploads\/2022\/10\/28MCNJS.jpg",584,1040,false],"woocommerce_gallery_thumbnail":["https:\/\/www.eeelmas.com\/wp-content\/uploads\/2022\/10\/28MCNJS-100x100.jpg",100,100,true]},"uagb_author_info":{"display_name":"elmas","author_link":"https:\/\/www.eeelmas.com\/index.php\/author\/"},"uagb_comment_info":0,"uagb_excerpt":"Esnek ve parlak bir ipin \u00fczerine dizilerek d\u00fc\u011f\u00fcmlenen Ametist ve Pembe Kuvars ta\u015flar\u0131ndan bir bileklik. Ayr\u0131ca da bilekli\u011fin bir taraf\u0131na s\u00fcs olarak verilen g\u00fcm\u00fc\u015f renginde dolgun g\u00fcller. Ametist ve Pembe Kuvars\u0131n ebat\u0131 1 cm G\u00fcm\u00fc\u015f renkli g\u00fcl\u00fcn ebat\u0131 1 cm Bilekli\u011fin uzunlu\u011fu takriben 18 cm Fiyat\u0131 ise 490 TL Ametist her t\u00fcrl\u00fc ba\u011f\u0131ml\u0131l\u0131\u011fa zamanla \u015fifa&hellip;","_links":{"self":[{"href":"https:\/\/www.eeelmas.com\/index.php\/wp-json\/wp\/v2\/product\/4673","targetHints":{"allow":["GET"]}}],"collection":[{"href":"https:\/\/www.eeelmas.com\/index.php\/wp-json\/wp\/v2\/product"}],"about":[{"href":"https:\/\/www.eeelmas.com\/index.php\/wp-json\/wp\/v2\/types\/product"}],"replies":[{"embeddable":true,"href":"https:\/\/www.eeelmas.com\/index.php\/wp-json\/wp\/v2\/comments?post=4673"}],"wp:featuredmedia":[{"embeddable":true,"href":"https:\/\/www.eeelmas.com\/index.php\/wp-json\/wp\/v2\/media\/4674"}],"wp:attachment":[{"href":"https:\/\/www.eeelmas.com\/index.php\/wp-json\/wp\/v2\/media?parent=4673"}],"wp:term":[{"taxonomy":"product_brand","embeddable":true,"href":"https:\/\/www.eeelmas.com\/index.php\/wp-json\/wp\/v2\/product_brand?post=4673"},{"taxonomy":"product_cat","embeddable":true,"href":"https:\/\/www.eeelmas.com\/index.php\/wp-json\/wp\/v2\/product_cat?post=4673"},{"taxonomy":"product_tag","embeddable":true,"href":"https:\/\/www.eeelmas.com\/index.php\/wp-json\/wp\/v2\/product_tag?post=4673"}],"curies":[{"name":"wp","href":"https:\/\/api.w.org\/{rel}","templated":true}]}}