{"id":4703,"date":"2022-10-23T08:31:38","date_gmt":"2022-10-23T06:31:38","guid":{"rendered":"https:\/\/www.eeelmas.com\/?post_type=product&#038;p=4703"},"modified":"2022-10-23T08:31:38","modified_gmt":"2022-10-23T06:31:38","slug":"zuemruedue-anka-kusu","status":"publish","type":"product","link":"https:\/\/www.eeelmas.com\/index.php\/produkt\/zuemruedue-anka-kusu\/","title":{"rendered":"Z\u00fcmr\u00fcd\u00fc Anka ku\u015fu"},"content":{"rendered":"<figure id=\"attachment_4704\" aria-describedby=\"caption-attachment-4704\" style=\"width: 700px\" class=\"wp-caption aligncenter\"><img loading=\"lazy\" decoding=\"async\" class=\"wp-image-4704\" src=\"https:\/\/www.eeelmas.com\/wp-content\/uploads\/2022\/10\/ICYMZ1Y-300x300.jpg\" alt=\"\" width=\"700\" height=\"933\" srcset=\"https:\/\/www.eeelmas.com\/wp-content\/uploads\/2022\/10\/ICYMZ1Y-scaled-600x800.jpg 600w, https:\/\/www.eeelmas.com\/wp-content\/uploads\/2022\/10\/ICYMZ1Y-1152x1536.jpg 1152w, https:\/\/www.eeelmas.com\/wp-content\/uploads\/2022\/10\/ICYMZ1Y-1536x2048.jpg 1536w, https:\/\/www.eeelmas.com\/wp-content\/uploads\/2022\/10\/ICYMZ1Y-225x300.jpg 225w, https:\/\/www.eeelmas.com\/wp-content\/uploads\/2022\/10\/ICYMZ1Y-scaled.jpg 1920w\" sizes=\"auto, (max-width: 700px) 100vw, 700px\" \/><figcaption id=\"caption-attachment-4704\" class=\"wp-caption-text\">Exif_JPEG_420<\/figcaption><\/figure>\n","protected":false},"excerpt":{"rendered":"<p><span style=\"font-size: 14pt; font-family: tahoma, arial, helvetica, sans-serif; color: #7f00ff;\">Z\u00fcmr\u00fcd\u00fc Anka Ku\u015fu <\/span><\/p>\n<p><span style=\"font-size: 14pt; font-family: tahoma, arial, helvetica, sans-serif; color: #7f00ff;\">Yaratan\u0131n bizlere efsane olarak hediye etmi\u015f oldu\u011fu Z\u00fcmr\u00fcd\u00fc Anka Ku\u015fu: \u00c7ekilen ac\u0131lara ra\u011fmen o ac\u0131lar\u0131n k\u00fcllerinden yeniden ruhen do\u011fma olgusunu bah\u015fetmi\u015ftir Tanr\u0131 baz\u0131 kullar\u0131na. Bu bize g\u00f6sterir ki her\u015feyin \u00e7ok ge\u00e7i\u00e7i ve k\u0131sa s\u00fcreli oldu\u011funu. Fiyat\u0131n\u0131 hen\u00fcz belirlemedim \u00e7\u00fcnk\u00fc sat\u0131\u015fa \u00e7\u0131karmad\u0131m halen yap\u0131m a\u015famas\u0131nda oldu\u011fu i\u00e7in. Ama sizlere de resimlerini sunmadan ge\u00e7mek istemedim.<\/span><\/p>\n","protected":false},"featured_media":4705,"comment_status":"open","ping_status":"closed","template":"","meta":{"_uag_custom_page_level_css":""},"product_brand":[],"product_cat":[36],"product_tag":[],"class_list":{"0":"post-4703","1":"product","2":"type-product","3":"status-publish","4":"has-post-thumbnail","6":"product_cat-unkategorisiert","8":"first","9":"instock","10":"taxable","11":"shipping-taxable","12":"purchasable","13":"product-type-simple"},"uagb_featured_image_src":{"full":["https:\/\/www.eeelmas.com\/wp-content\/uploads\/2022\/10\/ICENRN2-scaled.jpg",1920,2560,false],"thumbnail":["https:\/\/www.eeelmas.com\/wp-content\/uploads\/2022\/10\/ICENRN2-150x150.jpg",150,150,true],"medium":["https:\/\/www.eeelmas.com\/wp-content\/uploads\/2022\/10\/ICENRN2-300x300.jpg",300,300,true],"medium_large":["https:\/\/www.eeelmas.com\/wp-content\/uploads\/2022\/10\/ICENRN2-768x768.jpg",768,768,true],"large":["https:\/\/www.eeelmas.com\/wp-content\/uploads\/2022\/10\/ICENRN2-1024x1024.jpg",1024,1024,true],"1536x1536":["https:\/\/www.eeelmas.com\/wp-content\/uploads\/2022\/10\/ICENRN2-1152x1536.jpg",1152,1536,true],"2048x2048":["https:\/\/www.eeelmas.com\/wp-content\/uploads\/2022\/10\/ICENRN2-1536x2048.jpg",1536,2048,true],"post-thumbnail":["https:\/\/www.eeelmas.com\/wp-content\/uploads\/2022\/10\/ICENRN2-225x300.jpg",225,300,true],"bravada-featured":["https:\/\/www.eeelmas.com\/wp-content\/uploads\/2022\/10\/ICENRN2-583x300.jpg",583,300,true],"bravada-featured-lp":["https:\/\/www.eeelmas.com\/wp-content\/uploads\/2022\/10\/ICENRN2-620x300.jpg",620,300,true],"bravada-featured-half":["https:\/\/www.eeelmas.com\/wp-content\/uploads\/2022\/10\/ICENRN2-800x300.jpg",800,300,true],"bravada-featured-third":["https:\/\/www.eeelmas.com\/wp-content\/uploads\/2022\/10\/ICENRN2-512x300.jpg",512,300,true],"bravada-lpbox-1":["https:\/\/www.eeelmas.com\/wp-content\/uploads\/2022\/10\/ICENRN2-640x300.jpg",640,300,true],"bravada-lpbox-2":["https:\/\/www.eeelmas.com\/wp-content\/uploads\/2022\/10\/ICENRN2-413x300.jpg",413,300,true],"woocommerce_thumbnail":["https:\/\/www.eeelmas.com\/wp-content\/uploads\/2022\/10\/ICENRN2-scaled-300x300.jpg",300,300,true],"woocommerce_single":["https:\/\/www.eeelmas.com\/wp-content\/uploads\/2022\/10\/ICENRN2-scaled-600x800.jpg",600,800,true],"woocommerce_gallery_thumbnail":["https:\/\/www.eeelmas.com\/wp-content\/uploads\/2022\/10\/ICENRN2-scaled-100x100.jpg",100,100,true]},"uagb_author_info":{"display_name":"elmas","author_link":"https:\/\/www.eeelmas.com\/index.php\/author\/"},"uagb_comment_info":0,"uagb_excerpt":"Z\u00fcmr\u00fcd\u00fc Anka Ku\u015fu Yaratan\u0131n bizlere efsane olarak hediye etmi\u015f oldu\u011fu Z\u00fcmr\u00fcd\u00fc Anka Ku\u015fu: \u00c7ekilen ac\u0131lara ra\u011fmen o ac\u0131lar\u0131n k\u00fcllerinden yeniden ruhen do\u011fma olgusunu bah\u015fetmi\u015ftir Tanr\u0131 baz\u0131 kullar\u0131na. Bu bize g\u00f6sterir ki her\u015feyin \u00e7ok ge\u00e7i\u00e7i ve k\u0131sa s\u00fcreli oldu\u011funu. Fiyat\u0131n\u0131 hen\u00fcz belirlemedim \u00e7\u00fcnk\u00fc sat\u0131\u015fa \u00e7\u0131karmad\u0131m halen yap\u0131m a\u015famas\u0131nda oldu\u011fu i\u00e7in. Ama sizlere de resimlerini sunmadan ge\u00e7mek&hellip;","_links":{"self":[{"href":"https:\/\/www.eeelmas.com\/index.php\/wp-json\/wp\/v2\/product\/4703","targetHints":{"allow":["GET"]}}],"collection":[{"href":"https:\/\/www.eeelmas.com\/index.php\/wp-json\/wp\/v2\/product"}],"about":[{"href":"https:\/\/www.eeelmas.com\/index.php\/wp-json\/wp\/v2\/types\/product"}],"replies":[{"embeddable":true,"href":"https:\/\/www.eeelmas.com\/index.php\/wp-json\/wp\/v2\/comments?post=4703"}],"wp:featuredmedia":[{"embeddable":true,"href":"https:\/\/www.eeelmas.com\/index.php\/wp-json\/wp\/v2\/media\/4705"}],"wp:attachment":[{"href":"https:\/\/www.eeelmas.com\/index.php\/wp-json\/wp\/v2\/media?parent=4703"}],"wp:term":[{"taxonomy":"product_brand","embeddable":true,"href":"https:\/\/www.eeelmas.com\/index.php\/wp-json\/wp\/v2\/product_brand?post=4703"},{"taxonomy":"product_cat","embeddable":true,"href":"https:\/\/www.eeelmas.com\/index.php\/wp-json\/wp\/v2\/product_cat?post=4703"},{"taxonomy":"product_tag","embeddable":true,"href":"https:\/\/www.eeelmas.com\/index.php\/wp-json\/wp\/v2\/product_tag?post=4703"}],"curies":[{"name":"wp","href":"https:\/\/api.w.org\/{rel}","templated":true}]}}