{"id":4706,"date":"2022-10-23T08:44:19","date_gmt":"2022-10-23T06:44:19","guid":{"rendered":"https:\/\/www.eeelmas.com\/?post_type=product&#038;p=4706"},"modified":"2022-10-24T06:15:08","modified_gmt":"2022-10-24T04:15:08","slug":"nofretete","status":"publish","type":"product","link":"https:\/\/www.eeelmas.com\/index.php\/produkt\/nofretete\/","title":{"rendered":"Nofretete"},"content":{"rendered":"<p><img loading=\"lazy\" decoding=\"async\" class=\"aligncenter wp-image-4707\" src=\"https:\/\/www.eeelmas.com\/wp-content\/uploads\/2022\/10\/24Q3347-300x300.jpg\" alt=\"\" width=\"700\" height=\"393\" srcset=\"https:\/\/www.eeelmas.com\/wp-content\/uploads\/2022\/10\/24Q3347-600x337.jpg 600w, https:\/\/www.eeelmas.com\/wp-content\/uploads\/2022\/10\/24Q3347-534x300.jpg 534w, https:\/\/www.eeelmas.com\/wp-content\/uploads\/2022\/10\/24Q3347.jpg 1040w\" sizes=\"auto, (max-width: 700px) 100vw, 700px\" \/><\/p>\n","protected":false},"excerpt":{"rendered":"<p lang=\"tr-TR\"><span style=\"color: #7f00ff; font-size: 14pt; font-family: tahoma, arial, helvetica, sans-serif;\"><u>Nofretete<\/u><\/span><\/p>\n<p><span style=\"color: #7f00ff; font-size: 14pt; font-family: tahoma, arial, helvetica, sans-serif;\">Esnek ve parlak siyah bir \u00f6rg\u00fc ipin \u00fczerine sihirli ellerle d\u00fc\u011f\u00fcmlenen enfes Necef ta\u015flar\u0131ndan bir kolye. Ta\u015flar\u0131n formu Nugget&#8217;e yak\u0131n bir form ve ebatlar\u0131 \u00e7ok de\u011fi\u015fken olarak enleri 0,5 cm\/0,7 cm\/1,2 cm\/1,5 cm, boylar\u0131 ise takriben 0,5 cm\/0,6 cm\/0,7 cm\/1 cm\/1,2 cm&#8217;dir. Kolyenin geneli uzunlu\u011fu ise68 cm&#8217;dir. Ta\u015flar aynen bu modelde g\u00f6r\u00fcld\u00fc\u011f\u00fc gib ger\u00e7ekten i\u00e7ten tamamen \u015feffaf ve do\u011fal damarlarla bezelidir. \u00d6yle ki ta\u015flara bakt\u0131k\u00e7a, ta\u015f\u0131n ta i\u00e7ini g\u00f6rebiliyorsun. Necef ta\u015f\u0131 di\u011fer ta\u015flar\u0131n enerjilerini y\u00fckseltti\u011fi gibi, t\u00fcm ta\u015flar\u0131n da ta\u015ftan ta\u015fa veya ta\u015f\u0131y\u0131c\u0131s\u0131ndan ta\u015fa ge\u00e7en a\u011f\u0131r enerjilerini de alarak pozitiviteye d\u00f6n\u00fc\u015ft\u00fcr\u00fcr. Deri hastal\u0131klar\u0131na da iyi geldi\u011fi ke\u015ffedilmi\u015ftir. Ayr\u0131ca \u015fuuru a\u00e7ar, fark\u0131ndal\u0131\u011f\u0131m\u0131z\u0131 art\u0131r\u0131r ve mant\u0131ksal d\u00fc\u015f\u00fcnceyi peki\u015ftirir. Adalet anlay\u0131\u015f\u0131m\u0131z\u0131 da derinle\u015ftirir. Kolye g\u00f6r\u00fcld\u00fc\u011f\u00fc gibi asl\u0131nda \u00fc\u00e7 \u00e7e\u015fitli kolyenin biraraya getirilerek d\u00fc\u011f\u00fcmlenmi\u015f olmas\u0131d\u0131r. B\u00f6ylelikle kolye ta\u015flar\u0131n \u00e7oklu\u011fundan a\u011f\u0131r basar vaziyete gelmi\u015ftir. Fiyat\u0131 ise Kargo dahil 1210 TL.<\/span><\/p>\n<p><span style=\"font-size: 14pt; font-family: tahoma, arial, helvetica, sans-serif; color: #7f00ff;\">Not: Bu tasar\u0131m ba\u015fkas\u0131na aittir<\/span><\/p>\n","protected":false},"featured_media":4708,"comment_status":"open","ping_status":"closed","template":"","meta":{"_uag_custom_page_level_css":""},"product_brand":[],"product_cat":[36],"product_tag":[],"class_list":{"0":"post-4706","1":"product","2":"type-product","3":"status-publish","4":"has-post-thumbnail","6":"product_cat-unkategorisiert","8":"first","9":"instock","10":"taxable","11":"shipping-taxable","12":"purchasable","13":"product-type-simple"},"uagb_featured_image_src":{"full":["https:\/\/www.eeelmas.com\/wp-content\/uploads\/2022\/10\/2502OVZ.jpg",1040,584,false],"thumbnail":["https:\/\/www.eeelmas.com\/wp-content\/uploads\/2022\/10\/2502OVZ-150x150.jpg",150,150,true],"medium":["https:\/\/www.eeelmas.com\/wp-content\/uploads\/2022\/10\/2502OVZ-300x300.jpg",300,300,true],"medium_large":["https:\/\/www.eeelmas.com\/wp-content\/uploads\/2022\/10\/2502OVZ-768x584.jpg",768,584,true],"large":["https:\/\/www.eeelmas.com\/wp-content\/uploads\/2022\/10\/2502OVZ-1024x584.jpg",1024,584,true],"1536x1536":["https:\/\/www.eeelmas.com\/wp-content\/uploads\/2022\/10\/2502OVZ.jpg",1040,584,false],"2048x2048":["https:\/\/www.eeelmas.com\/wp-content\/uploads\/2022\/10\/2502OVZ.jpg",1040,584,false],"post-thumbnail":["https:\/\/www.eeelmas.com\/wp-content\/uploads\/2022\/10\/2502OVZ-534x300.jpg",534,300,true],"bravada-featured":["https:\/\/www.eeelmas.com\/wp-content\/uploads\/2022\/10\/2502OVZ-583x300.jpg",583,300,true],"bravada-featured-lp":["https:\/\/www.eeelmas.com\/wp-content\/uploads\/2022\/10\/2502OVZ-620x300.jpg",620,300,true],"bravada-featured-half":["https:\/\/www.eeelmas.com\/wp-content\/uploads\/2022\/10\/2502OVZ-800x300.jpg",800,300,true],"bravada-featured-third":["https:\/\/www.eeelmas.com\/wp-content\/uploads\/2022\/10\/2502OVZ-512x300.jpg",512,300,true],"bravada-lpbox-1":["https:\/\/www.eeelmas.com\/wp-content\/uploads\/2022\/10\/2502OVZ-640x300.jpg",640,300,true],"bravada-lpbox-2":["https:\/\/www.eeelmas.com\/wp-content\/uploads\/2022\/10\/2502OVZ-413x300.jpg",413,300,true],"woocommerce_thumbnail":["https:\/\/www.eeelmas.com\/wp-content\/uploads\/2022\/10\/2502OVZ-300x300.jpg",300,300,true],"woocommerce_single":["https:\/\/www.eeelmas.com\/wp-content\/uploads\/2022\/10\/2502OVZ-600x337.jpg",600,337,true],"woocommerce_gallery_thumbnail":["https:\/\/www.eeelmas.com\/wp-content\/uploads\/2022\/10\/2502OVZ-100x100.jpg",100,100,true]},"uagb_author_info":{"display_name":"elmas","author_link":"https:\/\/www.eeelmas.com\/index.php\/author\/"},"uagb_comment_info":0,"uagb_excerpt":"Nofretete Esnek ve parlak siyah bir \u00f6rg\u00fc ipin \u00fczerine sihirli ellerle d\u00fc\u011f\u00fcmlenen enfes Necef ta\u015flar\u0131ndan bir kolye. Ta\u015flar\u0131n formu Nugget'e yak\u0131n bir form ve ebatlar\u0131 \u00e7ok de\u011fi\u015fken olarak enleri 0,5 cm\/0,7 cm\/1,2 cm\/1,5 cm, boylar\u0131 ise takriben 0,5 cm\/0,6 cm\/0,7 cm\/1 cm\/1,2 cm'dir. Kolyenin geneli uzunlu\u011fu ise68 cm'dir. Ta\u015flar aynen bu modelde g\u00f6r\u00fcld\u00fc\u011f\u00fc gib ger\u00e7ekten&hellip;","_links":{"self":[{"href":"https:\/\/www.eeelmas.com\/index.php\/wp-json\/wp\/v2\/product\/4706","targetHints":{"allow":["GET"]}}],"collection":[{"href":"https:\/\/www.eeelmas.com\/index.php\/wp-json\/wp\/v2\/product"}],"about":[{"href":"https:\/\/www.eeelmas.com\/index.php\/wp-json\/wp\/v2\/types\/product"}],"replies":[{"embeddable":true,"href":"https:\/\/www.eeelmas.com\/index.php\/wp-json\/wp\/v2\/comments?post=4706"}],"wp:featuredmedia":[{"embeddable":true,"href":"https:\/\/www.eeelmas.com\/index.php\/wp-json\/wp\/v2\/media\/4708"}],"wp:attachment":[{"href":"https:\/\/www.eeelmas.com\/index.php\/wp-json\/wp\/v2\/media?parent=4706"}],"wp:term":[{"taxonomy":"product_brand","embeddable":true,"href":"https:\/\/www.eeelmas.com\/index.php\/wp-json\/wp\/v2\/product_brand?post=4706"},{"taxonomy":"product_cat","embeddable":true,"href":"https:\/\/www.eeelmas.com\/index.php\/wp-json\/wp\/v2\/product_cat?post=4706"},{"taxonomy":"product_tag","embeddable":true,"href":"https:\/\/www.eeelmas.com\/index.php\/wp-json\/wp\/v2\/product_tag?post=4706"}],"curies":[{"name":"wp","href":"https:\/\/api.w.org\/{rel}","templated":true}]}}