{"id":4793,"date":"2022-10-24T09:38:08","date_gmt":"2022-10-24T07:38:08","guid":{"rendered":"https:\/\/www.eeelmas.com\/?post_type=product&#038;p=4793"},"modified":"2022-10-24T09:38:08","modified_gmt":"2022-10-24T07:38:08","slug":"machu-picchu","status":"publish","type":"product","link":"https:\/\/www.eeelmas.com\/index.php\/produkt\/machu-picchu\/","title":{"rendered":"Machu Picchu"},"content":{"rendered":"<p><img loading=\"lazy\" decoding=\"async\" class=\"aligncenter wp-image-4795\" src=\"https:\/\/www.eeelmas.com\/wp-content\/uploads\/2022\/10\/95E3AXY-300x300.jpg\" alt=\"\" width=\"900\" height=\"1200\" srcset=\"https:\/\/www.eeelmas.com\/wp-content\/uploads\/2022\/10\/95E3AXY-600x800.jpg 600w, https:\/\/www.eeelmas.com\/wp-content\/uploads\/2022\/10\/95E3AXY-225x300.jpg 225w, https:\/\/www.eeelmas.com\/wp-content\/uploads\/2022\/10\/95E3AXY.jpg 864w\" sizes=\"auto, (max-width: 900px) 100vw, 900px\" \/><\/p>\n","protected":false},"excerpt":{"rendered":"<p><span style=\"color: #7f00ff; font-size: 14pt;\"><span style=\"font-family: Tahoma, serif;\">Machu Picchu<\/span><\/span><\/p>\n<p><span style=\"color: #7f00ff; font-size: 14pt;\"><span style=\"font-family: Tahoma, serif;\">Machu Picchu (okunu\u015fu Ma\u00e7u Pi\u00e7u) bileklik canl\u0131 ve renkarenk g\u00f6r\u00fcn\u00fcm\u00fcyle insani b\u00fcy\u00fcl\u00fcyor. Farkl\u0131 renklerde olan 5 mm&#8217;l\u0131k \u00e7ap\u0131ndaki parlak ve emsalsiz cam boncuklar Shamballa tekni\u011fi ile parlak, kal\u0131n ve siyah bir ipe \u00f6zenle \u00f6r\u00fclm\u00fc\u015ft\u00fcr. Bilezi\u011fin \u00e7ap\u0131 8 cm&#8217;dir ve \u00f6rg\u00fcl\u00fc sistemine sahip oldu\u011fundan dolay\u0131 onun \u00e7ap\u0131n\u0131 takriben 7 ila 10 cm gibi daha da uzatabilirsin. Geneli uzunlu\u011fu ise 18 cm, onu uzat\u0131rsan 26 cm olur. Fiyat\u0131 ise Kargo dahil 520 TL.<\/span><\/span><\/p>\n","protected":false},"featured_media":4794,"comment_status":"open","ping_status":"closed","template":"","meta":{"_uag_custom_page_level_css":""},"product_brand":[],"product_cat":[36],"product_tag":[],"class_list":{"0":"post-4793","1":"product","2":"type-product","3":"status-publish","4":"has-post-thumbnail","6":"product_cat-unkategorisiert","8":"first","9":"instock","10":"taxable","11":"shipping-taxable","12":"purchasable","13":"product-type-simple"},"uagb_featured_image_src":{"full":["https:\/\/www.eeelmas.com\/wp-content\/uploads\/2022\/10\/6-sehr-scharf.jpg",972,1296,false],"thumbnail":["https:\/\/www.eeelmas.com\/wp-content\/uploads\/2022\/10\/6-sehr-scharf-150x150.jpg",150,150,true],"medium":["https:\/\/www.eeelmas.com\/wp-content\/uploads\/2022\/10\/6-sehr-scharf-300x300.jpg",300,300,true],"medium_large":["https:\/\/www.eeelmas.com\/wp-content\/uploads\/2022\/10\/6-sehr-scharf-768x768.jpg",768,768,true],"large":["https:\/\/www.eeelmas.com\/wp-content\/uploads\/2022\/10\/6-sehr-scharf-972x1024.jpg",972,1024,true],"1536x1536":["https:\/\/www.eeelmas.com\/wp-content\/uploads\/2022\/10\/6-sehr-scharf.jpg",972,1296,false],"2048x2048":["https:\/\/www.eeelmas.com\/wp-content\/uploads\/2022\/10\/6-sehr-scharf.jpg",972,1296,false],"post-thumbnail":["https:\/\/www.eeelmas.com\/wp-content\/uploads\/2022\/10\/6-sehr-scharf-225x300.jpg",225,300,true],"bravada-featured":["https:\/\/www.eeelmas.com\/wp-content\/uploads\/2022\/10\/6-sehr-scharf-583x300.jpg",583,300,true],"bravada-featured-lp":["https:\/\/www.eeelmas.com\/wp-content\/uploads\/2022\/10\/6-sehr-scharf-620x300.jpg",620,300,true],"bravada-featured-half":["https:\/\/www.eeelmas.com\/wp-content\/uploads\/2022\/10\/6-sehr-scharf-800x300.jpg",800,300,true],"bravada-featured-third":["https:\/\/www.eeelmas.com\/wp-content\/uploads\/2022\/10\/6-sehr-scharf-512x300.jpg",512,300,true],"bravada-lpbox-1":["https:\/\/www.eeelmas.com\/wp-content\/uploads\/2022\/10\/6-sehr-scharf-640x300.jpg",640,300,true],"bravada-lpbox-2":["https:\/\/www.eeelmas.com\/wp-content\/uploads\/2022\/10\/6-sehr-scharf-413x300.jpg",413,300,true],"woocommerce_thumbnail":["https:\/\/www.eeelmas.com\/wp-content\/uploads\/2022\/10\/6-sehr-scharf-300x300.jpg",300,300,true],"woocommerce_single":["https:\/\/www.eeelmas.com\/wp-content\/uploads\/2022\/10\/6-sehr-scharf-600x800.jpg",600,800,true],"woocommerce_gallery_thumbnail":["https:\/\/www.eeelmas.com\/wp-content\/uploads\/2022\/10\/6-sehr-scharf-100x100.jpg",100,100,true]},"uagb_author_info":{"display_name":"elmas","author_link":"https:\/\/www.eeelmas.com\/index.php\/author\/"},"uagb_comment_info":0,"uagb_excerpt":"Machu Picchu Machu Picchu (okunu\u015fu Ma\u00e7u Pi\u00e7u) bileklik canl\u0131 ve renkarenk g\u00f6r\u00fcn\u00fcm\u00fcyle insani b\u00fcy\u00fcl\u00fcyor. Farkl\u0131 renklerde olan 5 mm'l\u0131k \u00e7ap\u0131ndaki parlak ve emsalsiz cam boncuklar Shamballa tekni\u011fi ile parlak, kal\u0131n ve siyah bir ipe \u00f6zenle \u00f6r\u00fclm\u00fc\u015ft\u00fcr. Bilezi\u011fin \u00e7ap\u0131 8 cm'dir ve \u00f6rg\u00fcl\u00fc sistemine sahip oldu\u011fundan dolay\u0131 onun \u00e7ap\u0131n\u0131 takriben 7 ila 10 cm gibi daha&hellip;","_links":{"self":[{"href":"https:\/\/www.eeelmas.com\/index.php\/wp-json\/wp\/v2\/product\/4793","targetHints":{"allow":["GET"]}}],"collection":[{"href":"https:\/\/www.eeelmas.com\/index.php\/wp-json\/wp\/v2\/product"}],"about":[{"href":"https:\/\/www.eeelmas.com\/index.php\/wp-json\/wp\/v2\/types\/product"}],"replies":[{"embeddable":true,"href":"https:\/\/www.eeelmas.com\/index.php\/wp-json\/wp\/v2\/comments?post=4793"}],"wp:featuredmedia":[{"embeddable":true,"href":"https:\/\/www.eeelmas.com\/index.php\/wp-json\/wp\/v2\/media\/4794"}],"wp:attachment":[{"href":"https:\/\/www.eeelmas.com\/index.php\/wp-json\/wp\/v2\/media?parent=4793"}],"wp:term":[{"taxonomy":"product_brand","embeddable":true,"href":"https:\/\/www.eeelmas.com\/index.php\/wp-json\/wp\/v2\/product_brand?post=4793"},{"taxonomy":"product_cat","embeddable":true,"href":"https:\/\/www.eeelmas.com\/index.php\/wp-json\/wp\/v2\/product_cat?post=4793"},{"taxonomy":"product_tag","embeddable":true,"href":"https:\/\/www.eeelmas.com\/index.php\/wp-json\/wp\/v2\/product_tag?post=4793"}],"curies":[{"name":"wp","href":"https:\/\/api.w.org\/{rel}","templated":true}]}}