{"id":4806,"date":"2022-10-24T10:13:00","date_gmt":"2022-10-24T08:13:00","guid":{"rendered":"https:\/\/www.eeelmas.com\/?post_type=product&#038;p=4806"},"modified":"2022-10-30T04:26:03","modified_gmt":"2022-10-30T03:26:03","slug":"4806","status":"publish","type":"product","link":"https:\/\/www.eeelmas.com\/index.php\/produkt\/4806\/","title":{"rendered":"Mele\u011fim"},"content":{"rendered":"<p><img loading=\"lazy\" decoding=\"async\" class=\"aligncenter wp-image-4808\" src=\"https:\/\/www.eeelmas.com\/wp-content\/uploads\/2022\/10\/2RH9LHJ-300x300.jpg\" alt=\"\" width=\"500\" height=\"1026\" srcset=\"https:\/\/www.eeelmas.com\/wp-content\/uploads\/2022\/10\/2RH9LHJ-scaled-600x1232.jpg 600w, https:\/\/www.eeelmas.com\/wp-content\/uploads\/2022\/10\/2RH9LHJ-748x1536.jpg 748w, https:\/\/www.eeelmas.com\/wp-content\/uploads\/2022\/10\/2RH9LHJ-997x2048.jpg 997w, https:\/\/www.eeelmas.com\/wp-content\/uploads\/2022\/10\/2RH9LHJ-146x300.jpg 146w, https:\/\/www.eeelmas.com\/wp-content\/uploads\/2022\/10\/2RH9LHJ-scaled.jpg 1247w\" sizes=\"auto, (max-width: 500px) 100vw, 500px\" \/><\/p>\n","protected":false},"excerpt":{"rendered":"<p><span style=\"color: #7f00ff; font-size: 14pt;\"><span style=\"font-family: Tahoma, serif;\">Mele\u011fim<\/span><\/span><\/p>\n<p><span style=\"color: #7f00ff; font-size: 14pt;\"><span style=\"font-family: Tahoma, serif;\">Mele\u011fim bana g\u00f6re masumiyetin sembol\u00fcd\u00fcr. 3 cm uzunlu\u011funda ve 2 cm enlili\u011finde olan do\u011fal Pembe kuvars ta\u015f\u0131 kolyenin ucunda as\u0131l\u0131. Kolyenin genel uzunlu\u011fu ise 88 cm, dolay\u0131s\u0131yla gerdana as\u0131ld\u0131\u011f\u0131nda kolye 44 cm uzun olur. Ayr\u0131ca 8 mm enlili\u011finde olan Lapis Lazuli ta\u015flar\u0131, 9er cm aral\u0131klarla, beyaz ve parlak pembe 2\/3 mm \u00e7ap\u0131nda olan cam boncuklarla, yanyana dayan\u0131kl\u0131 bir ipin \u00fczerine dizilmi\u015ftir.<\/span><\/span><\/p>\n<p><span style=\"color: #7f00ff; font-size: 14pt;\"><span style=\"font-family: Tahoma, serif;\">\u00a0<\/span><\/span><\/p>\n<p><span style=\"color: #7f00ff; font-size: 14pt;\"><span style=\"font-family: Tahoma, serif;\">Pembe kuvars sevginin ta\u015f\u0131d\u0131r. Allah&#8217;\u0131n yard\u0131m\u0131yla bize hakiki sevgiyi hissetmeyi sa\u011flar. Zira insanlar\u0131n \u00e7o\u011fu ili\u015fki ba\u011f\u0131ml\u0131l\u0131\u011f\u0131n\u0131 ne yaz\u0131k ki sevgi zannetmekte. Lapis Lazuli ta\u015f\u0131 ise, adalet ve pozitif d\u00fc\u015f\u00fcnme yetimizi derinle\u015ftirmeyi hedefler. Bu y\u00fczdendir ki, \u00fczerimizdeki depresyonu (gaflet), stresi ve korkuyu gidermeye gayret eder. Kendimize g\u00fcven, kendi de\u011ferimizi bilme, h\u00fcr irade ile kararlar al\u0131p vermemizi destekler. Ayr\u0131ca da sezgilerimizi kuvvetlendirir ve konsantrasyonumuzu art\u0131r\u0131r.<\/span><\/span><\/p>\n<p><span style=\"color: #7f00ff; font-size: 14pt;\"><span style=\"font-family: Tahoma, serif;\">Fiyat\u0131: 851,00 TL posta \u00fccreti ve paketleme dahil.<\/span><\/span><\/p>\n","protected":false},"featured_media":4807,"comment_status":"open","ping_status":"closed","template":"","meta":{"_uag_custom_page_level_css":""},"product_brand":[],"product_cat":[36],"product_tag":[],"class_list":{"0":"post-4806","1":"product","2":"type-product","3":"status-publish","4":"has-post-thumbnail","6":"product_cat-unkategorisiert","8":"first","9":"instock","10":"taxable","11":"shipping-taxable","12":"purchasable","13":"product-type-simple"},"uagb_featured_image_src":{"full":["https:\/\/www.eeelmas.com\/wp-content\/uploads\/2022\/10\/2HQHC4M-scaled.jpg",2560,1920,false],"thumbnail":["https:\/\/www.eeelmas.com\/wp-content\/uploads\/2022\/10\/2HQHC4M-150x150.jpg",150,150,true],"medium":["https:\/\/www.eeelmas.com\/wp-content\/uploads\/2022\/10\/2HQHC4M-300x300.jpg",300,300,true],"medium_large":["https:\/\/www.eeelmas.com\/wp-content\/uploads\/2022\/10\/2HQHC4M-768x768.jpg",768,768,true],"large":["https:\/\/www.eeelmas.com\/wp-content\/uploads\/2022\/10\/2HQHC4M-1024x1024.jpg",1024,1024,true],"1536x1536":["https:\/\/www.eeelmas.com\/wp-content\/uploads\/2022\/10\/2HQHC4M-1536x1152.jpg",1536,1152,true],"2048x2048":["https:\/\/www.eeelmas.com\/wp-content\/uploads\/2022\/10\/2HQHC4M-2048x1536.jpg",2048,1536,true],"post-thumbnail":["https:\/\/www.eeelmas.com\/wp-content\/uploads\/2022\/10\/2HQHC4M-400x300.jpg",400,300,true],"bravada-featured":["https:\/\/www.eeelmas.com\/wp-content\/uploads\/2022\/10\/2HQHC4M-583x300.jpg",583,300,true],"bravada-featured-lp":["https:\/\/www.eeelmas.com\/wp-content\/uploads\/2022\/10\/2HQHC4M-620x300.jpg",620,300,true],"bravada-featured-half":["https:\/\/www.eeelmas.com\/wp-content\/uploads\/2022\/10\/2HQHC4M-800x300.jpg",800,300,true],"bravada-featured-third":["https:\/\/www.eeelmas.com\/wp-content\/uploads\/2022\/10\/2HQHC4M-512x300.jpg",512,300,true],"bravada-lpbox-1":["https:\/\/www.eeelmas.com\/wp-content\/uploads\/2022\/10\/2HQHC4M-640x300.jpg",640,300,true],"bravada-lpbox-2":["https:\/\/www.eeelmas.com\/wp-content\/uploads\/2022\/10\/2HQHC4M-413x300.jpg",413,300,true],"woocommerce_thumbnail":["https:\/\/www.eeelmas.com\/wp-content\/uploads\/2022\/10\/2HQHC4M-scaled-300x300.jpg",300,300,true],"woocommerce_single":["https:\/\/www.eeelmas.com\/wp-content\/uploads\/2022\/10\/2HQHC4M-scaled-600x450.jpg",600,450,true],"woocommerce_gallery_thumbnail":["https:\/\/www.eeelmas.com\/wp-content\/uploads\/2022\/10\/2HQHC4M-scaled-100x100.jpg",100,100,true]},"uagb_author_info":{"display_name":"elmas","author_link":"https:\/\/www.eeelmas.com\/index.php\/author\/"},"uagb_comment_info":0,"uagb_excerpt":"Mele\u011fim Mele\u011fim bana g\u00f6re masumiyetin sembol\u00fcd\u00fcr. 3 cm uzunlu\u011funda ve 2 cm enlili\u011finde olan do\u011fal Pembe kuvars ta\u015f\u0131 kolyenin ucunda as\u0131l\u0131. Kolyenin genel uzunlu\u011fu ise 88 cm, dolay\u0131s\u0131yla gerdana as\u0131ld\u0131\u011f\u0131nda kolye 44 cm uzun olur. Ayr\u0131ca 8 mm enlili\u011finde olan Lapis Lazuli ta\u015flar\u0131, 9er cm aral\u0131klarla, beyaz ve parlak pembe 2\/3 mm \u00e7ap\u0131nda olan cam&hellip;","_links":{"self":[{"href":"https:\/\/www.eeelmas.com\/index.php\/wp-json\/wp\/v2\/product\/4806","targetHints":{"allow":["GET"]}}],"collection":[{"href":"https:\/\/www.eeelmas.com\/index.php\/wp-json\/wp\/v2\/product"}],"about":[{"href":"https:\/\/www.eeelmas.com\/index.php\/wp-json\/wp\/v2\/types\/product"}],"replies":[{"embeddable":true,"href":"https:\/\/www.eeelmas.com\/index.php\/wp-json\/wp\/v2\/comments?post=4806"}],"wp:featuredmedia":[{"embeddable":true,"href":"https:\/\/www.eeelmas.com\/index.php\/wp-json\/wp\/v2\/media\/4807"}],"wp:attachment":[{"href":"https:\/\/www.eeelmas.com\/index.php\/wp-json\/wp\/v2\/media?parent=4806"}],"wp:term":[{"taxonomy":"product_brand","embeddable":true,"href":"https:\/\/www.eeelmas.com\/index.php\/wp-json\/wp\/v2\/product_brand?post=4806"},{"taxonomy":"product_cat","embeddable":true,"href":"https:\/\/www.eeelmas.com\/index.php\/wp-json\/wp\/v2\/product_cat?post=4806"},{"taxonomy":"product_tag","embeddable":true,"href":"https:\/\/www.eeelmas.com\/index.php\/wp-json\/wp\/v2\/product_tag?post=4806"}],"curies":[{"name":"wp","href":"https:\/\/api.w.org\/{rel}","templated":true}]}}